{"id":9,"date":"2019-07-26T13:43:54","date_gmt":"2019-07-26T16:43:54","guid":{"rendered":"http:\/\/www.clinicadharma.com.ar\/carrera\/?page_id=9"},"modified":"2025-02-20T11:49:47","modified_gmt":"2025-02-20T14:49:47","slug":"ingreso-2019","status":"publish","type":"page","link":"https:\/\/www.clinicadharma.com.ar\/carrera\/","title":{"rendered":"CARRERAS"},"content":{"rendered":"\n<h2 class=\"wp-block-heading has-cyan-bluish-gray-background-color has-background\">CARRERA UNIVERSITARIA EN PSIQUIATR\u00cdA INFANTO JUVENIL<\/h2>\n\n\n\n<p style=\"font-size:29px\"><strong>Titulo:<\/strong>&nbsp;M\u00e9dico Especialista Universitario en Psiquiatr\u00eda Infanto Juvenil<\/p>\n\n\n\n<p><strong>INSCRIPCION 2025<\/strong><\/p>\n\n\n\n<p>Los postulantes deber\u00e1n inscribirse a trav\u00e9s de la p\u00e1gina de la UBA:<br><a href=\"https:\/\/www.fmed.uba.ar\/carreras-de-especialistas\/inscripcion\" target=\"_blank\" rel=\"noreferrer noopener\">https:\/\/www.fmed.uba.ar\/carreras-de-especialistas\/inscripcion<\/a>, \u00e9ste<br>requisito es imprescindible.<\/p>\n\n\n\n<p><strong>Fecha de Inscripci\u00f3n:<br><\/strong>Desde el 17 de Junio al 19 de Julio.<\/p>\n\n\n\n<p><strong>Entrevistas de Selecci\u00f3n:<br><\/strong>En Facultad de Ciencias M\u00e9dicas UBA, ver cronograma de entrevistas en la<br>p\u00e1gina de la UBA.<\/p>\n\n\n\n<p>Comienzo de la Cursada Primer A\u00f1o:<br>&nbsp;Octubre 2024, d\u00eda a confirmar<\/p>\n\n\n\n<p><strong>Clase Te\u00f3ricas:<br><\/strong>Martes y Jueves de 17 a 21hs<\/p>\n\n\n\n<p><strong>Actividad Pr\u00e1ctica:<br><\/strong>Cronograma 3\u00ba A\u00f1o.<\/p>\n\n\n\n<p>Duraci\u00f3n:\u00a03 a\u00f1os<\/p>\n\n\n\n<h2 class=\"wp-block-heading has-cyan-bluish-gray-background-color has-background\">CARRERA UNIVERSITARIA EN PSIQUIATR\u00cdA <\/h2>\n\n\n\n<p style=\"font-size:29px\"><strong>Titulo:<\/strong>\u00a0M\u00e9dico Especialista Universitario en Psiquiatr\u00eda <\/p>\n\n\n\n<p><strong>INSCRIPCION 202<\/strong>5<\/p>\n\n\n\n<p><strong><br><\/strong>Para profesionales que no realizan Residencia en Cl\u00ednica Dharma Julio -Agosto<br>Para profesionales que realizan Residencia en Cl\u00ednica Dharma hasta el 30\/06<br>Inicio:\u00a0Fecha a confirmar por la UBA<br>Dias:<br>\u2013 Te\u00f3ricos: Lunes y Mi\u00e9rcoles de 17 a 21hs<br>\u2013 Pr\u00e1cticas: Horarios a convenir<br>Ingreso:\u00a0Entrevista en Cl\u00ednica Dharma y la Facultad de Medicina UBA<br>Duracion:\u00a03 a\u00f1os<\/p>\n\n\n\n<p><strong>Clase Te\u00f3ricas:<br><\/strong>Martes y Jueves de 17 a 21hs<\/p>\n\n\n\n<p><strong>Actividad Pr\u00e1ctica:<br><\/strong>Cronograma 3\u00ba A\u00f1o.<\/p>\n\n\n\n<p>Duraci\u00f3n:\u00a03 a\u00f1os<\/p>\n\n\n\n<p>Los postulantes que opten solamente por cursar la carrera y que no ingresen paralelamente a una Residencia, podr\u00e1n solicitar una entrevista para recibir informaci\u00f3n de la Carrera , visitar las instalaciones e inscribirse en Cl\u00ednica Dharma desde el 1\/06 \u00a0hasta 30\/08 \u00a0y adem\u00e1s se les informar\u00e1 c\u00f3mo deben proceder para inscribirse simult\u00e1neamente en la UBA, ya que \u00e9ste es un requisito imprescindible.<br>Los postulantes a la carrera que simult\u00e1neamente cursen la residencia, ser\u00e1n inscriptos directamente por Cl\u00ednica Dharma en la UBA sin necesidad de anotarse en forma personal.<br>Ver formulario de inscripci\u00f3n on line.<\/p>\n","protected":false},"excerpt":{"rendered":"<p>CARRERA UNIVERSITARIA EN PSIQUIATR\u00cdA INFANTO JUVENIL Titulo:&nbsp;M\u00e9dico Especialista Universitario en Psiquiatr\u00eda Infanto Juvenil INSCRIPCION 2025 Los postulantes deber\u00e1n inscribirse a trav\u00e9s de la p\u00e1gina de la UBA:https:\/\/www.fmed.uba.ar\/carreras-de-especialistas\/inscripcion, \u00e9sterequisito es imprescindible. Fecha de Inscripci\u00f3n:Desde el 17 de Junio al 19 de Julio. Entrevistas de Selecci\u00f3n:En Facultad de Ciencias M\u00e9dicas UBA, ver cronograma de entrevistas en lap\u00e1gina [&hellip;]<\/p>\n<p class=\"more-link style2\"><a href=\"https:\/\/www.clinicadharma.com.ar\/carrera\/\"  class=\"themebutton\"><span class=\"more-text\">READ MORE<\/span><span class=\"more-icon\"><i class=\"fa fa-angle-right fa-lg\"><\/i><\/span><\/a><\/p>\n","protected":false},"author":1,"featured_media":0,"parent":0,"menu_order":0,"comment_status":"closed","ping_status":"closed","template":"","meta":[],"categories":[],"tags":[],"_links":{"self":[{"href":"https:\/\/www.clinicadharma.com.ar\/carrera\/wp-json\/wp\/v2\/pages\/9"}],"collection":[{"href":"https:\/\/www.clinicadharma.com.ar\/carrera\/wp-json\/wp\/v2\/pages"}],"about":[{"href":"https:\/\/www.clinicadharma.com.ar\/carrera\/wp-json\/wp\/v2\/types\/page"}],"author":[{"embeddable":true,"href":"https:\/\/www.clinicadharma.com.ar\/carrera\/wp-json\/wp\/v2\/users\/1"}],"replies":[{"embeddable":true,"href":"https:\/\/www.clinicadharma.com.ar\/carrera\/wp-json\/wp\/v2\/comments?post=9"}],"version-history":[{"count":40,"href":"https:\/\/www.clinicadharma.com.ar\/carrera\/wp-json\/wp\/v2\/pages\/9\/revisions"}],"predecessor-version":[{"id":499,"href":"https:\/\/www.clinicadharma.com.ar\/carrera\/wp-json\/wp\/v2\/pages\/9\/revisions\/499"}],"wp:attachment":[{"href":"https:\/\/www.clinicadharma.com.ar\/carrera\/wp-json\/wp\/v2\/media?parent=9"}],"wp:term":[{"taxonomy":"category","embeddable":true,"href":"https:\/\/www.clinicadharma.com.ar\/carrera\/wp-json\/wp\/v2\/categories?post=9"},{"taxonomy":"post_tag","embeddable":true,"href":"https:\/\/www.clinicadharma.com.ar\/carrera\/wp-json\/wp\/v2\/tags?post=9"}],"curies":[{"name":"wp","href":"https:\/\/api.w.org\/{rel}","templated":true}]}}

<h2 class="wp-block-heading has-cyan-bluish-gray-background-color has-background">CARRERA UNIVERSITARIA EN PSIQUIATRÍA INFANTO JUVENIL</h2>



<p style="font-size:29px"><strong>Titulo:</strong>&nbsp;Médico Especialista Universitario en Psiquiatría Infanto Juvenil</p>



<p><strong>INSCRIPCION 2025</strong></p>



<p>Los postulantes deberán inscribirse a través de la página de la UBA:<br><a href="https://www.fmed.uba.ar/carreras-de-especialistas/inscripcion" target="_blank" rel="noreferrer noopener">https://www.fmed.uba.ar/carreras-de-especialistas/inscripcion</a>, éste<br>requisito es imprescindible.</p>



<p><strong>Fecha de Inscripción:<br></strong>Desde el 17 de Junio al 19 de Julio.</p>



<p><strong>Entrevistas de Selección:<br></strong>En Facultad de Ciencias Médicas UBA, ver cronograma de entrevistas en la<br>página de la UBA.</p>



<p>Comienzo de la Cursada Primer Año:<br>&nbsp;Octubre 2024, día a confirmar</p>



<p><strong>Clase Teóricas:<br></strong>Martes y Jueves de 17 a 21hs</p>



<p><strong>Actividad Práctica:<br></strong>Cronograma 3º Año.</p>



<p>Duración: 3 años</p>



<h2 class="wp-block-heading has-cyan-bluish-gray-background-color has-background">CARRERA UNIVERSITARIA EN PSIQUIATRÍA </h2>



<p style="font-size:29px"><strong>Titulo:</strong> Médico Especialista Universitario en Psiquiatría </p>



<p><strong>INSCRIPCION 202</strong>5</p>



<p><strong><br></strong>Para profesionales que no realizan Residencia en Clínica Dharma Julio -Agosto<br>Para profesionales que realizan Residencia en Clínica Dharma hasta el 30/06<br>Inicio: Fecha a confirmar por la UBA<br>Dias:<br>– Teóricos: Lunes y Miércoles de 17 a 21hs<br>– Prácticas: Horarios a convenir<br>Ingreso: Entrevista en Clínica Dharma y la Facultad de Medicina UBA<br>Duracion: 3 años</p>



<p><strong>Clase Teóricas:<br></strong>Martes y Jueves de 17 a 21hs</p>



<p><strong>Actividad Práctica:<br></strong>Cronograma 3º Año.</p>



<p>Duración: 3 años</p>



<p>Los postulantes que opten solamente por cursar la carrera y que no ingresen paralelamente a una Residencia, podrán solicitar una entrevista para recibir información de la Carrera , visitar las instalaciones e inscribirse en Clínica Dharma desde el 1/06  hasta 30/08  y además se les informará cómo deben proceder para inscribirse simultáneamente en la UBA, ya que éste es un requisito imprescindible.<br>Los postulantes a la carrera que simultáneamente cursen la residencia, serán inscriptos directamente por Clínica Dharma en la UBA sin necesidad de anotarse en forma personal.<br>Ver formulario de inscripción on line.</p>

<p>CARRERA UNIVERSITARIA EN PSIQUIATRÍA INFANTO JUVENIL Titulo:&nbsp;Médico Especialista Universitario en Psiquiatría Infanto Juvenil INSCRIPCION 2025 Los postulantes deberán inscribirse a través de la página de la UBA:https://www.fmed.uba.ar/carreras-de-especialistas/inscripcion, ésterequisito es imprescindible. Fecha de Inscripción:Desde el 17 de Junio al 19 de Julio. Entrevistas de Selección:En Facultad de Ciencias Médicas UBA, ver cronograma de entrevistas en lapágina [&hellip;]</p>
<p class="more-link style2"><a href="https://www.clinicadharma.com.ar/carrera/"  class="themebutton"><span class="more-text">READ MORE</span><span class="more-icon"><i class="fa fa-angle-right fa-lg"></i></span></a></p>
