{"id":14,"date":"2019-07-26T13:48:20","date_gmt":"2019-07-26T16:48:20","guid":{"rendered":"http:\/\/www.clinicadharma.com.ar\/carrera\/?page_id=14"},"modified":"2025-02-20T12:58:34","modified_gmt":"2025-02-20T15:58:34","slug":"programa","status":"publish","type":"page","link":"https:\/\/www.clinicadharma.com.ar\/carrera\/programa\/","title":{"rendered":"PROGRAMA CARRERA INFANTO JUVENIL"},"content":{"rendered":"\n<figure class=\"wp-block-table is-style-stripes\"><table><tbody><tr><td>1er A\u00d1O<\/td><td>2do A\u00d1O<\/td><td>3er A\u00d1O<\/td><\/tr><tr><td>PSICOLOGIA EVOLUTIVA<br>FARMACOLOGIA I<br>PSICOPATOLOGIA I<br>NEUROLOGIA<br>PEDIATR\u00cdA\/NI\u00d1O SANO<br>FLIA Y ESCOLARIDAD<br>PSIQUIATR\u00cdA LEGAL<\/td><td>PSICOTERAPIA<br>FARMACOLOGIA II<br>PSICOPATOLOGIA II<br>PSICODIAGNOSTICO<\/td><td>PR\u00c1CTICA CL\u00cdNICA<br><\/td><\/tr><\/tbody><\/table><\/figure>\n","protected":false},"excerpt":{"rendered":"<p>1er A\u00d1O 2do A\u00d1O 3er A\u00d1O PSICOLOGIA EVOLUTIVAFARMACOLOGIA IPSICOPATOLOGIA INEUROLOGIAPEDIATR\u00cdA\/NI\u00d1O SANOFLIA Y ESCOLARIDADPSIQUIATR\u00cdA LEGAL PSICOTERAPIAFARMACOLOGIA IIPSICOPATOLOGIA IIPSICODIAGNOSTICO PR\u00c1CTICA CL\u00cdNICA<\/p>\n","protected":false},"author":1,"featured_media":0,"parent":0,"menu_order":0,"comment_status":"closed","ping_status":"closed","template":"","meta":[],"categories":[],"tags":[],"_links":{"self":[{"href":"https:\/\/www.clinicadharma.com.ar\/carrera\/wp-json\/wp\/v2\/pages\/14"}],"collection":[{"href":"https:\/\/www.clinicadharma.com.ar\/carrera\/wp-json\/wp\/v2\/pages"}],"about":[{"href":"https:\/\/www.clinicadharma.com.ar\/carrera\/wp-json\/wp\/v2\/types\/page"}],"author":[{"embeddable":true,"href":"https:\/\/www.clinicadharma.com.ar\/carrera\/wp-json\/wp\/v2\/users\/1"}],"replies":[{"embeddable":true,"href":"https:\/\/www.clinicadharma.com.ar\/carrera\/wp-json\/wp\/v2\/comments?post=14"}],"version-history":[{"count":60,"href":"https:\/\/www.clinicadharma.com.ar\/carrera\/wp-json\/wp\/v2\/pages\/14\/revisions"}],"predecessor-version":[{"id":504,"href":"https:\/\/www.clinicadharma.com.ar\/carrera\/wp-json\/wp\/v2\/pages\/14\/revisions\/504"}],"wp:attachment":[{"href":"https:\/\/www.clinicadharma.com.ar\/carrera\/wp-json\/wp\/v2\/media?parent=14"}],"wp:term":[{"taxonomy":"category","embeddable":true,"href":"https:\/\/www.clinicadharma.com.ar\/carrera\/wp-json\/wp\/v2\/categories?post=14"},{"taxonomy":"post_tag","embeddable":true,"href":"https:\/\/www.clinicadharma.com.ar\/carrera\/wp-json\/wp\/v2\/tags?post=14"}],"curies":[{"name":"wp","href":"https:\/\/api.w.org\/{rel}","templated":true}]}}